- 71*x. List the prime factors of x.
2, 11, 151
List the prime factors of 3381/3 + (-1 - 2/1).
2, 281
Suppose -4 = -a - 1. Suppose 5*z - a*z = -6. Let d = z - -23. What are the prime factors of d?
2, 5
Suppose -49 - 27 = -2*l. Suppose 0 = 4*n - 126 - l. What are the prime factors of n?
41
Let u(r) = 242*r + 6. What are the prime factors of u(2)?
2, 5, 7
Let k(c) = -2*c - 8. Let r be k(-5). List the prime factors of (486/(-63))/(r/(-14)).
2, 3
Suppose 2*c - 4*q + 28 = 6*c, 3*q + 21 = 4*c. Suppose 4*o = c + 2. Suppose u - 4*i - 19 = 0, 0*i + 74 = o*u + 4*i. What are the prime factors of u?
31
Let f = 7 + -1. Let d be (0 - 1) + -3 + f. Suppose -j + 79 = 3*r + j, 3*j - 61 = -d*r. What are the prime factors of r?
23
Suppose -5*a + 21 = -4*a. Let n = a - 19. List the prime factors of ((-40)/15)/(n/(-9)).
2, 3
Let o be (-40)/(-8)*(1 - 0). Suppose 0 = -o*t - 5, -3*i = -0*i - 5*t + 1. List the prime factors of (i/(-5))/(4/180).
2, 3
Let y(z) = 6*z**2 + 36*z + 176. What are the prime factors of y(-22)?
2, 11, 13
Let o(z) = -18*z**3 + z**2 + 3*z + 6. List the prime factors of o(-3).
2, 3, 41
List the prime factors of (14*22/12)/((-11)/(-33)).
7, 11
Let q(d) = d - 1. Let c be q(3). Suppose -a - 3*m - 13 = 0, -3*a - 7*m + c*m - 23 = 0. List the prime factors of ((-57)/3)/(0 + a).
19
Suppose 3*s - 4*s - 35 = -a, a + 3*s = 35. Suppose 4*j - a = 345. List the prime factors of j.
5, 19
Let n be (-2)/(-15) + (-8 - (-1434)/45). Let b = n - -18. What are the prime factors of b?
2, 3, 7
Let u = -3596 + 5789. List the prime factors of u.
3, 17, 43
Let o = 89 - 87. Let u = -10 - -15. Suppose -o*g + 24 = 5*j, -j - 3*j = -u*g - 39. What are the prime factors of j?
2, 3
Suppose p - 314 = -5*s, 1129 = 5*p + 3*s - 551. List the prime factors of p.
3, 113
Suppose 25 = -3*k - h, -3*h + h = -3*k - 22. List the prime factors of (-6)/(-24) + (-894)/k.
2, 7
Let g = 20 + -52. Let l = g - -79. What are the prime factors of l?
47
Let y = 11 - 13. Let x(v) = -13*v - 2 + 12 - 9. What are the prime factors of x(y)?
3
Let m(j) = j**3 + 8*j**2 + 8*j + 10. Let z be m(-7). Suppose 4*k + 0*k - 360 = -z*y, -4*k - y + 352 = 0. List the prime factors of k.
3, 29
Let w(n) = 5*n - 5 - 5*n + 3 + 5*n. Let r be w(6). Let i = r + 33. What are the prime factors of i?
61
Let i(x) = 689*x + 145. List the prime factors of i(5).
2, 5, 359
Let s be (3 - -2)*114/10. Suppose -5*v = -187 + s. Suppose -v + 7 = -c. List the prime factors of c.
19
Let j(t) = -10*t**2 - 21*t + 4. Let p(c) = -7*c**2 - 14*c + 3. Let m(q) = 5*j(q) - 7*p(q). Let h be (-1 - 6) + -1 + 2. What are the prime factors of m(h)?
5
Suppose 0*u - u = 5*x - 258, -x + 63 = 4*u. Let h = x + -30. List the prime factors of h.
3, 7
Let c(n) = -117*n - 41. What are the prime factors of c(-5)?
2, 17
Let f(z) = -z**3 + 4*z**2 - z. Let w be f(2). Let j be 10*((w - 3) + 16). Suppose 5*p - 5*a - j = 0, -2*p + 3*a + 0*a = -81. What are the prime factors of p?
3, 11
Let a(t) = 7*t - 41. Let p be (1/12)/((-14)/(-56))*45. What are the prime factors of a(p)?
2
Let d = 63 + -68. Let g(x) = -3 + 14 - 2*x + x**2 - x. List the prime factors of g(d).
3, 17
Suppose 3*b - 25 = -4. Suppose 11*y = b*y + 68. List the prime factors of y.
17
Suppose 6*s = 2*s. Suppose s = -4*t + 135 - 19. List the prime factors of t.
29
Let m = -73 - -75. What are the prime factors of (m*1)/(1 + (-14)/16)?
2
Let t(p) = -p**2 + 8*p - 6. Let q be t(7). What are the prime factors of -5*q*(-172)/20?
43
Let y = 23 + -65. Let w be (-124)/(-3) - (-14)/y. Suppose -d + 219 = 5*t, -t + 2*t - w = -3*d. What are the prime factors of t?
2, 11
Suppose g - 4*l - 334 = 0, 538 = 4*g + 3*l - 893. What are the prime factors of g?
2, 3, 59
Suppose -m - 1561 = -5*u, -m = -7*u + 6*u + 313. What are the prime factors of u?
2, 3, 13
Suppose 2*k = 4*c - 0*c - 132, -2*c - 4*k = -56. Suppose -3*x + 5*p = 2*p - 30, 0 = 5*x + p - c. What are the prime factors of x?
7
Let p = -9 - 0. Let n(d) be the first derivative of -3*d**2/2 - 10*d - 27. What are the prime factors of n(p)?
17
List the prime factors of ((-69)/6)/((10/(-96))/5).
2, 3, 23
Let l(f) = f + 4. Let x be l(0). Suppose 0 = -5*r + x*r + 103. What are the prime factors of r?
103
Let s = 13 - 7. Let t be (-8)/s*(-9)/6. Suppose 2*f + t*f + 2*r - 84 = 0, 3*f = 4*r + 63. What are the prime factors of f?
3, 7
What are the prime factors of (-16785)/(-36) - 5/20?
2, 233
Suppose 2*i - 4*i + 3*f = -3574, 0 = 2*i + 4*f - 3588. What are the prime factors of i?
2, 5, 179
Let b(w) = 298*w - 759. What are the prime factors of b(6)?
3, 7
Let g(i) = i**3 - 13*i**2 - 9*i - 8. What are the prime factors of g(17)?
5, 199
Suppose 0 = -15*y + 12*y. Suppose 0 = 3*l - 39 - y. Suppose -3*m + 23 = -l. What are the prime factors of m?
2, 3
Suppose 2 = 2*i - 2*c, -12*i = -17*i + c + 21. Suppose -5*k + 3*k = 5*y - 88, 2*k - i*y = 108. What are the prime factors of k?
7
Suppose -99848 = -50*i - 2598. List the prime factors of i.
5, 389
Suppose 7*k - 2154 = 2032. Suppose 419 = 9*b - k. What are the prime factors of b?
113
Let r(k) = -10*k + 1. Let i be r(-1). Suppose -3*a = -4*o - o - 30, -3*o = 0. Let f = a + i. List the prime factors of f.
3, 7
Suppose b = -4*y + 1060, -y - b + 78 + 190 = 0. Let j = -40 + y. List the prime factors of j.
2, 7
Let c be 4/(2 - (-4 - -5)) - 263. Let q = 581 + c. List the prime factors of q.
2, 7, 23
Let h be 9 - 0 - (2 - 1). Suppose y - h = -y. Suppose -y*v - 96 = -316. What are the prime factors of v?
5, 11
Let t(y) = y**2 + y + 2. Let n be 4/(-10) + 2/5. Let x be t(n). Suppose -52 = -x*o - 8. List the prime factors of o.
2, 11
Let u be (-1)/(-1) + 6 + -3. Suppose 96 = 5*d - u*d. Suppose d - 8 = 4*b. List the prime factors of b.
2, 11
Suppose j + 4*x - 40 = 0, 2*j - 4*j + 67 = -5*x. Let k be j/(-45)*10/4. What are the prime factors of 4/(k/(-31) - 0)?
2, 31
Suppose 23 - 63 = 4*h. Let x be (-1 + 0 - 0) + h. Let p = 22 - x. List the prime factors of p.
3, 11
Let l(k) = 12*k**2 - 3 - 3*k + 10*k**2 - 19*k**2 - 4. What are the prime factors of l(4)?
29
Let l(d) = -d**3 - 33*d**2 - 32*d + 82. List the prime factors of l(-33).
2, 569
Suppose 0*i + 8 = 3*i - 4*m, -4 = 2*i + 2*m. Suppose -3*z - 5*q = -18, 5*z + 3*q - 46 = -i*q. What are the prime factors of (0 - (-3 - 0)) + z?
2, 7
Let a(x) = -19*x + 27 - 10 - 16. Let q be a(-2). Suppose -3*k + q = -24. List the prime factors of k.
3, 7
Let p(t) be the third derivative of t**5/15 + t**4/3 - t**3/6 + 6*t**2. Let n(u) = u**3 + 11*u**2 - 12*u - 5. Let i be n(-12). List the prime factors of p(i).
59
Let q be 3/(-3) - 2 - -7. Let t be (q/(-6))/(26/(-39)). What are the prime factors of (-11 + 3)/(t*-2)?
2
Suppose 3*m - 1243 = 788. Let o = 964 - m. What are the prime factors of o?
7, 41
Let v = 920 + -511. List the prime factors of v.
409
Let x(q) = -4*q + 3. Let h be x(-8). Suppose 0 = 4*j - j - 3*t - 42, -4*j - 3*t + h = 0. Suppose -2*g + 3 = -j. List the prime factors of g.
7
Let k(s) = -11 + 0*s - 6*s + 29 - 4 + s**2. List the prime factors of k(14).
2, 3, 7
Suppose 0 = -2*x + 38 - 30. Let d be 1316/(1 + 3) - x. Suppose -d = -6*s - 67. List the prime factors of s.
43
Suppose -k + 35 = -10. Suppose -k = -6*t + t. List the prime factors of ((-39)/2)/(t/(-12)).
2, 13
Let v(t) = 2*t**3 - 7*t**2 + 10*t + 1. Let z(l) = l**3 - 4*l**2 + 5*l. Let x(i) = 2*v(i) - 5*z(i). Let o be x(5). List the prime factors of -2 - (-26 + (-4)/o).
2, 13
Suppose 0 = 12*i - 8*i + 476. Let s = -75 - i. What are the prime factors of s?
2, 11
Suppose 757*r = 762*r - 645. List the prime factors of r.
3, 43
Suppose -s - 4*b + 20 = 0, -2*b + 5 = s - 5. Suppose 3*o = -s*o - 2*d + 83, 4*o - 110 = -3*d. What are the prime factors of o?
29
Suppose 3*h - 720 = 12*h. List the prime factors of (h/(-30))/((-1)/(-9)).
2, 3
List the prime factors of (5 + -15)/20 - (-2614)/4.
653
Suppose -3 = -4*c + 5. Suppose 4*t = 5*t - c, -3*n + 181 = -t. List the prime factors of n.
61
Suppose 0 = -3*n + 5*b + 11, 5*b = 4*n - 13 - 5. Suppose n*i - 2*w - 1268 = 3*i, -i + w = -315. What are the prime factors of i?
11, 29
Let o be (-2)/(-4) - (-393)/(-6). Let t = 177 - o. List the prime factors of t.
2, 11
Let u be 21/(-7) + (30 - 1). Suppose 0 = k - 30 - u. List the prime factors of k.
2, 7
Let l(m) = -m**3 + 8*m**2 + 5*m - 36. Let q be l(8). List the prime factors of